 2*y - 2. Let v be 1*(20/(-140) + 26/(-14)). Let r(g) = v*z(g) + q(g). Calculate r(0).
-6
Let c(y) = y**3 + 5*y**2 + 5*y + 29. Let h be c(-5). Let q be 25/9 - 2/(-9). Let d(w) = -w - 10 + q*w - h*w. What is d(-7)?
4
Suppose 0 = -8*r + 6*r - 5*q - 28, -r = q + 8. Let o(k) = k**2 - 3*k - 1. Let d(a) = -a**2 - a - 1. Let t(p) = 4*d(p) + o(p). Give t(r).
-25
Let i(x) = x**3 + 10*x**2 + 8*x - 8. Suppose 6*p = -6 - 66. Let c be p/(-15) + (-441)/45. What is i(c)?
1
Let j be (-2)/(15*(-52)/1170). Let f(n) = -12*n - 20. Determine f(j).
-56
Let z(h) be the first derivative of 8/3*h**3 + 1/4*h**4 + 7/2*h**2 - 2*h - 151. Calculate z(-5).
38
Let l(d) = d**2 - 8*d - 8. Suppose -47 = -5*j - 2. Let s be l(j). Let v(o) be the second derivative of o**4/3 + o**2/2 + 36*o. What is v(s)?
5
Let f = -275 + 180. Let k = f + 94. Let b(u) = -14*u - 1. What is b(k)?
13
Let i = 8984 + -8967. Let b(m) = -m**2 + 17*m - 27. Calculate b(i).
-27
Let t(h) = 138*h - 735. Let z(w) = -206*w + 1096. Let v(u) = 7*t(u) + 5*z(u). What is v(5)?
15
Let i be -3 - -2 - (-1 + 0). Let d(x) = 136*x**2 + 28*x + 46. Let q be d(-11). Let c(r) = -16209 + 0*r - r**3 - r + q. Calculate c(i).
-15
Let t(i) = 2*i + 14. Let m(s) = -25*s - 94. Let w be m(-4). Suppose -4*k - w*c - 44 = -c, 2*k = 3*c. Give t(k).
2
Let x = 5 + -10. Let c(s) be the first derivative of -1/3*s**3 + 107 - 3/2*s**2 + 5*s. Give c(x).
-5
Let u(z) = -z**2 + 22*z + 69. Let n be u(-3). Let l(r) = -r**3 - 5*r**2 - 2*r - 15. Determine l(n).
33
Let w(s) be the first derivative of s**4/4 + 2*s**3 - s**2/2 - 5*s - 254. Determine w(-6).
1
Let q(y) = -4*y - 7. Let b = 46 - 41. Suppose -b*z - 73 = -4*o, z - 69 = -0*o - 3*o. Suppose 3*a = 4 - o. What is q(a)?
17
Let u(d) = d**3 - 3*d**2 - 4*d + 2. Let j be (-2)/((-16)/24) + (0 - -140). Let m = j - 139. Determine u(m).
2
Let q(p) be the first derivative of -p**4/12 - p**3/6 + p**2 - 40*p - 87. Let k(v) be the first derivative of q(v). What is k(1)?
0
Let b(h) = h - 5. Let z = 27 + -28. Let r(p) = p**2. Let q(g) = g**3 - 14*g**2 + 10*g + 4. Let c(a) = z*q(a) - 6*r(a). Let d be c(6). Determine b(d).
3
Let k = -483 - -487. Suppose o + k*y + 8 = 6*y, -4*o - 2*y = 12. Let p(l) = 2*l + 2. Determine p(o).
-6
Let s = 22201 + -22196. Let p(l) be the second derivative of -7/6*l**3 + 3*l**2 - 1/20*l**s + 0 + 19*l + 7/12*l**4. Determine p(6).
0
Suppose 55 = 12*c - 7*c + 4*y, 0 = -3*y + 15. Suppose -6*w + 78 = c*w. Let l(o) = 4*o - 26. Calculate l(w).
-2
Let q(g) = -g**2 + 3*g - 2. Let n be (10 + -9)/(3 + -4). Let a be (3 + -3 - 3) + n. Let y be (-3)/(-15)*5 - a. Give q(y).
-12
Let l(u) = -522*u**2 + 61*u - 222. Let t(b) = 298*b**2 - 31*b + 111. Let y(i) = -4*l(i) - 7*t(i). Calculate y(5).
26
Let x(o) be the second derivative of o**4/12 + 5*o**3/6 - 10*o**2 + 109*o - 25. Determine x(0).
-20
Suppose 9*r + 8*r - 85 = 0. Let f be -2 + (-34 - -41) + r*-1. Let k(x) = -x**3 - x**2 + x + 13. Calculate k(f).
13
Let y(k) = -2*k**2 + 4*k - 35. Let i = -31816 - -31821. Give y(i).
-65
Suppose -77 = -5*l + p + 9, 16 = 4*p. Suppose 90 + 36 = -l*g. Let v(i) = i**3 + 6*i**2 - 6*i. What is v(g)?
-7
Let o(k) = -7*k**3 - 13*k**2 - 83*k - 45. Let d(n) = -16*n**3 - 25*n**2 - 174*n - 90. Let m(h) = 3*d(h) - 7*o(h). What is m(-11)?
1
Let s(o) = o**2 + 7*o - 5. Let i = 53 + -38. Suppose 0 = -24*c - 207 + i. Determine s(c).
3
Let f = -223 - -222. Let h(q) be the first derivative of -7*q**2/2 - q + 6. What is h(f)?
6
Let m(v) = v**2 + 137*v - 850. Let y be m(-143). Let x(b) = -b**3 + 11*b**2 - 26*b - 16. Determine x(y).
-32
Let i(c) = -18*c - 9. Let m(d) = 3*d + 2. Let y(h) = -i(h) - 5*m(h). Let g be (1 + 1)*2/4. Let w be -3 + g + 2 + 1. What is y(w)?
2
Suppose 99*h - 3542 = -154*h. Let t(k) = -k**2 + 11*k + 30. Calculate t(h).
-12
Let h(y) = -y**3 + 14*y**2 - 25*y + 5. Suppose -9 = -2*u - 5*w + 4*w, 0 = 2*w - 10. Suppose -u*q = 3*q - 60. Let f be h(q). Let r(d) = -d - 7. Calculate r(f).
0
Let h(o) = 22*o**2 - 30*o - 8. Let j(i) = 29*i**2 - 31*i - 7. Let p(t) = -4*h(t) + 3*j(t). Determine p(23).
103
Let b(m) be the second derivative of 0 - 197*m + 3*m**2 + 1/3*m**3. Calculate b(-5).
-4
Suppose 2*p + 22 = -4*n, -39 = -32*p + 33*p + 9*n. Let k(l) = l**2 + 5*l + 10. Give k(p).
4
Suppose c - 12 = -n + 3*c, c = 2*n - 12. Suppose -20 = n*u - 4*i, 0 = -0*u + u + 4*i - 5. Let t(y) = -y - 6. Determine t(u).
-3
Let h(r) = -r**2 + 5*r + 1. Let p be (-2)/9 + 4/(-72)*-9238. Let n = p - 508. Calculate h(n).
1
Let i(o) = 793*o - 1. Let h(s) = 396*s - 1. Let z(m) = 6*h(m) - 3*i(m). Let j = 2 + -5. What is z(j)?
6
Let b be ((-3)/12 - -1)/(4/16). Suppose -4*a = -x + 16, 2*x + 5*a + b = -x. Let j(f) = 5*f - 8248 + 8248. Give j(x).
20
Let c = 10 + -14. Let m be 19/(-19) - (328*1)/(-2). Let n(v) = -2 + 8 + 165*v - m*v. Give n(c).
-2
Let k(g) be the second derivative of -3/2*g**2 + 109*g - 1 + 1/12*g**4 - 5/6*g**3. Let a = 1 + 3. Determine k(a).
-7
Let c(f) be the second derivative of -f**5/20 - 11*f**4/12 - 11*f**3/6 - f**2/2 + f - 73. Give c(-10).
9
Let z(j) = -3*j + 15. Let o = -396 + 399. Suppose 0 = -5*h - g + 54, 4*h - 47 = -0*h + o*g. What is z(h)?
-18
Let u(r) = -3*r - 57. Let q be u(-18). Let a = 19 + q. Let x = a + -20. Let t(l) = -l**2 + 4. Determine t(x).
-12
Let m = 0 - 5. Let a(i) = -6*i**2 - 15*i + 1. Let t = 66 - 62. Let u(j) = -5*j**2 - 14*j. Let y(b) = t*a(b) - 5*u(b). Determine y(m).
-21
Let m be (-13)/((-455)/(-20)) + 106/14. Let n(v) = v**2 + 10 + 13*v - 14*v - m*v. Calculate n(5).
-5
Suppose -5*c + c = -20. Suppose 9 + c = -2*v. Let f(t) be the first derivative of -t**3/3 - 7*t**2/2 + 2*t + 504. What is f(v)?
2
Let j be 4/10*1/(2/5). Let f(x) be the second derivative of -7*x**3/6 - x**2/2 + 39*x - 1. Calculate f(j).
-8
Let b(m) = -11*m + 36. Let a(g) = 5*g + 132. Let h be a(-25). Determine b(h).
-41
Let a(t) be the second derivative of -t**4/12 + 2*t**3 - 25*t**2 - t + 2595. Give a(8).
-18
Let s(u) = -2*u**3 - 48*u**2 + 37*u + 53. Let h(k) = -3*k**3 - 70*k**2 + 55*k + 79. Let c(f) = 5*h(f) - 7*s(f). What is c(-15)?
9
Let m = 135 + -134. Let l be m + 4/(-12)*-18. Let f(z) = z**2 - 11*z + 6. Give f(l).
-22
Let h(l) = -2*l**2 - 22*l - 57. Let u(w) = -15. Let z(v) = -h(v) + 4*u(v). Calculate z(-11).
-3
Let k(i) = 8*i - i**3 + i**3 + 0*i**3 + 8 + 3*i**3 - 1. Let c(t) = 10*t**3 + t**2 + 23*t + 20. Let w(n) = 4*c(n) - 11*k(n). Give w(-2).
-45
Let b = -5673 - -5679. Let q(v) = v**3 - 9*v**2 + 20*v - 19. What is q(b)?
-7
Let f(o) = o - 19. Let g(h) = 1. Let a(c) = -f(c) - 3*g(c). Let v be (5*(5 + -7) - -4) + 22. Calculate a(v).
0
Let j(m) be the first derivative of m**2/2 - 3*m - 5. Let b be j(-5). Let p(v) = -11 - 5*v**2 - v**3 - 2*v + 2*v**2 - 5*v**2. Calculate p(b).
5
Suppose -f + 8*f = 0. Let g(z) = -z - 3. Let w be g(f). Let i be 46/10 + w/5. Let v(b) = b - 2. Determine v(i).
2
Let q = -6064 - -6065. Let z(s) = -20*s**2 - 11*s. Let t(m) = 10*m**2 + 5*m. Let c(i) = -9*t(i) - 4*z(i). What is c(q)?
-11
Let s(h) = 4*h**2 - 5*h + 7. Let d(b) = -3*b**2 + 4*b - 6. Let t(v) = 3*d(v) + 2*s(v). Suppose -5*n = -5*j - 55, -4*j - 33 = -5. What is t(n)?
-12
Let n(l) be the second derivative of -l**3/6 - l**2/2 - l. Let k(u) = u**3 - 17*u**2 - 22*u + 33. Let w be k(18). Let s = w - -38. Calculate n(s).
0
Let q = 1555 + -855. Let a(z) = -1405*z + 706*z + q*z + 17. Calculate a(7).
24
Let b(l) = 5*l + 4. Let x be b(-1). Let t be x/(-2)*(-3 + 2)*4. Let f be 5/10 + (-1)/t. Let w(j) = 3*j**2 - 1. Calculate w(f).
2
Let r(u) = u**2 + u + 2. Let q be r(-2). Let v be q*((-6)/8 - -1)*4. Suppose 4*k - 2*t + 24 = 0, 4*t = -3*k + 9*t - v. Let x(w) = -w - 11. Calculate x(k).
-3
Let c(h) = -13*h - 1. Let p = -229 - -126. Let x = p + 123. Suppose x = 9*y + 11. Give c(y).
-14
Let x(u) = 4*u + 265. Let y(z) = -5*z - 394. Let d(q) = 3*x(q) + 2*y(q). Let p = 0 - 5. Calculate d(p).
-3
Let z be 4/(1/5*20). Let n(l) = 2 - 35*l - 3*l**2 + 16*l + 12*l + 6*l. Calculate n(z).
-2
Let k(i) be the first derivative of -i**4/6 + 5*i**3/6 - 2*i**2 - 78*i + 94. Let f(y) be the first derivative of k(y). What is f(3)?
-7
Let p(t) be the third derivative of 1/24*t**4 + 0 - 17*t**2 + 5/6*t**3 + 0*t. Let h = -20 + 25. Give p(h).
10
Suppose -56 = -222*t + 216*t - n, 3*n + 62 = 5*t. Let z(c) = c**2 - 9*c + 12. Give z(t).
22
Let z(y) be the first derivative of y**4/4 + 4*y**3/3 - 2*y*